{"id":218,"date":"2020-05-12T03:43:04","date_gmt":"2020-05-12T03:43:04","guid":{"rendered":"https:\/\/ramonbatlle.com\/index.php\/about\/"},"modified":"2023-07-09T00:36:26","modified_gmt":"2023-07-09T00:36:26","slug":"sobremi","status":"publish","type":"page","link":"https:\/\/ramonbatlle.com\/index.php\/sobremi\/","title":{"rendered":"Sobre mi"},"content":{"rendered":"\n<div class=\"wp-block-uagb-container uagb-block-ea9e6edd alignfull uagb-is-root-container\"><div class=\"uagb-container-inner-blocks-wrap\">\n<div class=\"wp-block-uagb-advanced-heading uagb-block-4e02704d\" id=\"Sobre_mi\"><h1 class=\"uagb-heading-text\">Sobre mi<\/h1><\/div>\n<\/div><\/div>\n\n\n\n<div class=\"wp-block-uagb-container uagb-block-a3ef0ea0 alignfull uagb-is-root-container\"><div class=\"uagb-container-inner-blocks-wrap\">\n<div class=\"wp-block-uagb-container uagb-block-9cfd3d97\">\n<figure class=\"wp-block-image aligncenter size-medium has-custom-border is-style-default\"><img loading=\"lazy\" decoding=\"async\" width=\"300\" height=\"300\" src=\"https:\/\/ramonbatlle.com\/wp-content\/uploads\/2023\/07\/jo-300x300.png\" alt=\"\" class=\"has-border-color has-white-border-color wp-image-1323\" style=\"border-width:4px;border-radius:26px\" srcset=\"https:\/\/ramonbatlle.com\/wp-content\/uploads\/2023\/07\/jo-300x300.png 300w, https:\/\/ramonbatlle.com\/wp-content\/uploads\/2023\/07\/jo-150x150.png 150w, https:\/\/ramonbatlle.com\/wp-content\/uploads\/2023\/07\/jo-768x768.png 768w, https:\/\/ramonbatlle.com\/wp-content\/uploads\/2023\/07\/jo-600x600.png 600w, https:\/\/ramonbatlle.com\/wp-content\/uploads\/2023\/07\/jo.png 1000w\" sizes=\"auto, (max-width: 300px) 100vw, 300px\" \/><\/figure>\n\n\n\n<figure class=\"wp-block-image aligncenter size-full\"><img loading=\"lazy\" decoding=\"async\" width=\"618\" height=\"365\" src=\"https:\/\/ramonbatlle.com\/wp-content\/uploads\/2023\/07\/badges-1.png\" alt=\"\" class=\"wp-image-1827\" srcset=\"https:\/\/ramonbatlle.com\/wp-content\/uploads\/2023\/07\/badges-1.png 618w, https:\/\/ramonbatlle.com\/wp-content\/uploads\/2023\/07\/badges-1-300x177.png 300w\" sizes=\"auto, (max-width: 618px) 100vw, 618px\" \/><\/figure>\n<\/div>\n\n\n\n<div class=\"wp-block-uagb-container uagb-block-ed52bf6f\">\n<div class=\"wp-block-uagb-info-box uagb-block-e4f446ab uagb-infobox__content-wrap  uagb-infobox-icon-above-title uagb-infobox-image-valign-top\"><div class=\"uagb-ifb-content\"><div class=\"uagb-ifb-title-wrap\"><span class=\"uagb-ifb-title-prefix\"><strong>Hola! <\/strong> <strong>S\u00f3c el Ramon Batlle. He decidit crear aquest web per compartir aquelles eines que he creat i utilitzo al dia a dia i tamb\u00e9 per compartir experi\u00e8ncies, idees i projectes educatius.<\/strong><br><br><\/span><\/div><p class=\"uagb-ifb-desc\">La meva formaci\u00f3 \u00e9s en el camp de les ci\u00e8ncies biosanit\u00e0ries, vaig estudiar <strong>Biotecnologia i Bioqu\u00edmica<\/strong>. Conscient que el que m&#8217;agradava era la doc\u00e8ncia, vaig realitzar el <strong>M\u00e0ster oficial del professorat de Secund\u00e0ria<\/strong> i ara ja fa 11 anys que imparteixo classes a Secund\u00e0ria i Batxillerat.<br><br>Al llarg de la meva carrera professional he impartit assignatures de diferent tipus: Matem\u00e0tiques, Biologia, Geologia, F\u00edsica, Qu\u00edmica, Tecnologia i Rob\u00f2tica. Porto excercint c\u00e0rrecs administratius des del 2016 com a <strong>Cap de Departament de Ci\u00e8ncies i Matem\u00e0tiques<\/strong>&nbsp;i de&nbsp;<strong>Coordinador de cicle<\/strong>.<br><br>M&#8217;apassiona la doc\u00e8ncia. S\u00f3c un gran \u00abadepte\u00bb primerament a la&nbsp;<strong>innovaci\u00f3 pedag\u00f2gica&nbsp;<\/strong>i de les&nbsp;<strong>metodologies actives&nbsp;d&#8217;aprenentatge<\/strong> on l&#8217;alumne \u00e9s el protagonista i per l&#8217;altra banda, a la&nbsp;tecnologia&nbsp;en general per\u00f2, sobretot, aplicada en educaci\u00f3.<br><br>Fa molts anys que utilitzo Google Workspace  en la meva tasca di\u00e0ria i he estat reconegut per Google com a&nbsp;<strong>Google for Education Certified Trainer<\/strong>. \u00c9s per aix\u00f2 que les eines que trobareu en aquest web estan realitzades amb Google Apps Script i eines de l&#8217;entorn de Google.<br><br>A m\u00e9s realitzo <strong>formaci\u00f3 docent<\/strong> i <strong>pon\u00e8ncies<\/strong> sobre tecnologia aplicada a l&#8217;educaci\u00f3, sempre  explicant-ho  des de l&#8217;experi\u00e8ncia personal, idees i eines que he provat i m&#8217;han funcionat.<br>&nbsp;<br>Com afici\u00f3, m&#8217;agrada molt la m\u00fasica. Toco la guitarra i la bateria, he format part de grups de m\u00fasica i segueixo gravant i produint algunes can\u00e7ons que normalment nom\u00e9s ensenyo en els cercles m\u00e9s \u00edntims. \ud83d\ude09<\/p><\/div><\/div>\n<\/div>\n<\/div><\/div>\n\n\n\n<div class=\"wp-block-uagb-container uagb-block-4a642cb4 alignfull uagb-is-root-container\"><div class=\"uagb-container-inner-blocks-wrap\">\n<div class=\"wp-block-uagb-container uagb-block-166e98d0\">\n<div id=\"wp-block-themeisle-blocks-font-awesome-icons-3d91bd24\" class=\"wp-block-themeisle-blocks-font-awesome-icons\"><span class=\"wp-block-themeisle-blocks-font-awesome-icons-container\"><a href=\"https:\/\/ramonbatlle.com\/index.php\/eines\/\" target=\"_self\" rel=\"noopener noreferrer\"><i class=\"fas fa-tools\"><\/i><\/a><\/span><\/div>\n\n\n\n<div class=\"wp-block-uagb-advanced-heading uagb-block-29d4a01a\" id=\"eines\u200b_\"><h2 class=\"uagb-heading-text\"><a href=\"https:\/\/ramonbatlle.com\/index.php\/eines\/\" data-type=\"URL\" data-id=\"https:\/\/ramonbatlle.com\/index.php\/eines\/\"><strong>eines<\/strong>\u200b <\/a><\/h2><\/div>\n\n\n\n<div class=\"wp-block-uagb-icon-list uagb-block-c78c4778\"><div class=\"uagb-icon-list__wrap\">\n<div class=\"wp-block-uagb-icon-list-child uagb-block-bf463cde\"><span class=\"uagb-icon-list__label\">Desenvolupo eines per la gesti\u00f3 de centres educatius o per a ajudar en la tasca docent.<\/span><\/div>\n<\/div><\/div>\n<\/div>\n\n\n\n<div class=\"wp-block-uagb-container uagb-block-c3be8453\">\n<div id=\"wp-block-themeisle-blocks-font-awesome-icons-ba80aadb\" class=\"wp-block-themeisle-blocks-font-awesome-icons\"><span class=\"wp-block-themeisle-blocks-font-awesome-icons-container\"><a href=\"https:\/\/ramonbatlle.com\/index.php\/formacions\/\" target=\"_self\" rel=\"noopener noreferrer\"><i class=\"fas fa-book\"><\/i><\/a><\/span><\/div>\n\n\n\n<div class=\"wp-block-uagb-advanced-heading uagb-block-a9ccf293\" id=\"formacions\"><h2 class=\"uagb-heading-text\"><a href=\"https:\/\/ramonbatlle.com\/index.php\/formacions\/\" data-type=\"URL\" data-id=\"https:\/\/ramonbatlle.com\/index.php\/formacions\/\"><strong>formacions<\/strong><\/a><\/h2><\/div>\n\n\n\n<div class=\"wp-block-uagb-icon-list uagb-block-f80945c8\"><div class=\"uagb-icon-list__wrap\">\n<div class=\"wp-block-uagb-icon-list-child uagb-block-535ad4d3\"><span class=\"uagb-icon-list__label\">Ofereixo formacions de diferents temes relacionats amb la tecnologia educativa.<\/span><\/div>\n<\/div><\/div>\n<\/div>\n\n\n\n<div class=\"wp-block-uagb-container uagb-block-f59a9ab3\">\n<div id=\"wp-block-themeisle-blocks-font-awesome-icons-1dcbc7d5\" class=\"wp-block-themeisle-blocks-font-awesome-icons\"><span class=\"wp-block-themeisle-blocks-font-awesome-icons-container\"><i class=\"fas fa-chalkboard-teacher\"><\/i><\/span><\/div>\n\n\n\n<div class=\"wp-block-uagb-advanced-heading uagb-block-5a06a3f9\" id=\"professional\"><h2 class=\"uagb-heading-text\">professi\u00f3<\/h2><\/div>\n\n\n\n<div class=\"wp-block-uagb-icon-list uagb-block-185aad37\"><div class=\"uagb-icon-list__wrap\">\n<div class=\"wp-block-uagb-icon-list-child uagb-block-e169947b\"><span class=\"uagb-icon-list__source-wrap\"><svg xmlns=\"https:\/\/www.w3.org\/2000\/svg\" viewBox=\"0 0 256 512\"><path d=\"M118.6 105.4l128 127.1C252.9 239.6 256 247.8 256 255.1s-3.125 16.38-9.375 22.63l-128 127.1c-9.156 9.156-22.91 11.9-34.88 6.943S64 396.9 64 383.1V128c0-12.94 7.781-24.62 19.75-29.58S109.5 96.23 118.6 105.4z\"><\/path><\/svg><\/span><span class=\"uagb-icon-list__label\">Professor de secund\u00e0ria<\/span><\/div>\n\n\n\n<div class=\"wp-block-uagb-icon-list-child uagb-block-cf1647d9\"><span class=\"uagb-icon-list__source-wrap\"><svg xmlns=\"https:\/\/www.w3.org\/2000\/svg\" viewBox=\"0 0 256 512\"><path d=\"M118.6 105.4l128 127.1C252.9 239.6 256 247.8 256 255.1s-3.125 16.38-9.375 22.63l-128 127.1c-9.156 9.156-22.91 11.9-34.88 6.943S64 396.9 64 383.1V128c0-12.94 7.781-24.62 19.75-29.58S109.5 96.23 118.6 105.4z\"><\/path><\/svg><\/span><span class=\"uagb-icon-list__label\">11 anys experi\u00e8ncia docent<\/span><\/div>\n\n\n\n<div class=\"wp-block-uagb-icon-list-child uagb-block-d70441aa\"><span class=\"uagb-icon-list__source-wrap\"><svg xmlns=\"https:\/\/www.w3.org\/2000\/svg\" viewBox=\"0 0 256 512\"><path d=\"M118.6 105.4l128 127.1C252.9 239.6 256 247.8 256 255.1s-3.125 16.38-9.375 22.63l-128 127.1c-9.156 9.156-22.91 11.9-34.88 6.943S64 396.9 64 383.1V128c0-12.94 7.781-24.62 19.75-29.58S109.5 96.23 118.6 105.4z\"><\/path><\/svg><\/span><span class=\"uagb-icon-list__label\">Llicenciat en Biotecnologia i Bioqu\u00edmica<\/span><\/div>\n<\/div><\/div>\n<\/div>\n<\/div><\/div>\n","protected":false},"excerpt":{"rendered":"<p>Sobre mi eines\u200b formacions professi\u00f3<\/p>\n","protected":false},"author":1,"featured_media":0,"parent":0,"menu_order":0,"comment_status":"closed","ping_status":"closed","template":"","meta":{"_uag_custom_page_level_css":"","_monsterinsights_skip_tracking":false,"_monsterinsights_sitenote_active":false,"_monsterinsights_sitenote_note":"","_monsterinsights_sitenote_category":0,"site-sidebar-layout":"no-sidebar","site-content-layout":"plain-container","ast-global-header-display":"","ast-banner-title-visibility":"","ast-main-header-display":"","ast-hfb-above-header-display":"","ast-hfb-below-header-display":"","ast-hfb-mobile-header-display":"","site-post-title":"disabled","ast-breadcrumbs-content":"","ast-featured-img":"disabled","footer-sml-layout":"","theme-transparent-header-meta":"enabled","adv-header-id-meta":"","stick-header-meta":"","header-above-stick-meta":"","header-main-stick-meta":"","header-below-stick-meta":"","_themeisle_gutenberg_block_has_review":false,"footnotes":""},"class_list":["post-218","page","type-page","status-publish","hentry"],"yoast_head":"<!-- This site is optimized with the Yoast SEO plugin v21.4 - https:\/\/yoast.com\/wordpress\/plugins\/seo\/ -->\n<title>Sobre mi - Ramon Batlle<\/title>\n<meta name=\"robots\" content=\"index, follow, max-snippet:-1, max-image-preview:large, max-video-preview:-1\" \/>\n<link rel=\"canonical\" href=\"https:\/\/ramonbatlle.com\/index.php\/sobremi\/\" \/>\n<meta property=\"og:locale\" content=\"es_ES\" \/>\n<meta property=\"og:type\" content=\"article\" \/>\n<meta property=\"og:title\" content=\"Sobre mi - Ramon Batlle\" \/>\n<meta property=\"og:description\" content=\"Sobre mi eines\u200b formacions professi\u00f3\" \/>\n<meta property=\"og:url\" content=\"https:\/\/ramonbatlle.com\/index.php\/sobremi\/\" \/>\n<meta property=\"og:site_name\" content=\"Ramon Batlle\" \/>\n<meta property=\"article:modified_time\" content=\"2023-07-09T00:36:26+00:00\" \/>\n<meta property=\"og:image\" content=\"https:\/\/ramonbatlle.com\/wp-content\/uploads\/2023\/07\/jo-300x300.png\" \/>\n<meta name=\"twitter:card\" content=\"summary_large_image\" \/>\n<meta name=\"twitter:label1\" content=\"Tiempo de lectura\" \/>\n\t<meta name=\"twitter:data1\" content=\"1 minuto\" \/>\n<script type=\"application\/ld+json\" class=\"yoast-schema-graph\">{\"@context\":\"https:\/\/schema.org\",\"@graph\":[{\"@type\":\"WebPage\",\"@id\":\"https:\/\/ramonbatlle.com\/index.php\/sobremi\/\",\"url\":\"https:\/\/ramonbatlle.com\/index.php\/sobremi\/\",\"name\":\"Sobre mi - Ramon Batlle\",\"isPartOf\":{\"@id\":\"https:\/\/ramonbatlle.com\/#website\"},\"datePublished\":\"2020-05-12T03:43:04+00:00\",\"dateModified\":\"2023-07-09T00:36:26+00:00\",\"breadcrumb\":{\"@id\":\"https:\/\/ramonbatlle.com\/index.php\/sobremi\/#breadcrumb\"},\"inLanguage\":\"es\",\"potentialAction\":[{\"@type\":\"ReadAction\",\"target\":[\"https:\/\/ramonbatlle.com\/index.php\/sobremi\/\"]}]},{\"@type\":\"BreadcrumbList\",\"@id\":\"https:\/\/ramonbatlle.com\/index.php\/sobremi\/#breadcrumb\",\"itemListElement\":[{\"@type\":\"ListItem\",\"position\":1,\"name\":\"Portada\",\"item\":\"https:\/\/ramonbatlle.com\/\"},{\"@type\":\"ListItem\",\"position\":2,\"name\":\"Sobre mi\"}]},{\"@type\":\"WebSite\",\"@id\":\"https:\/\/ramonbatlle.com\/#website\",\"url\":\"https:\/\/ramonbatlle.com\/\",\"name\":\"Ramon Batlle\",\"description\":\"Educaci\u00f3 i tecnologia\",\"potentialAction\":[{\"@type\":\"SearchAction\",\"target\":{\"@type\":\"EntryPoint\",\"urlTemplate\":\"https:\/\/ramonbatlle.com\/?s={search_term_string}\"},\"query-input\":\"required name=search_term_string\"}],\"inLanguage\":\"es\"}]}<\/script>\n<!-- \/ Yoast SEO plugin. -->","yoast_head_json":{"title":"Sobre mi - Ramon Batlle","robots":{"index":"index","follow":"follow","max-snippet":"max-snippet:-1","max-image-preview":"max-image-preview:large","max-video-preview":"max-video-preview:-1"},"canonical":"https:\/\/ramonbatlle.com\/index.php\/sobremi\/","og_locale":"es_ES","og_type":"article","og_title":"Sobre mi - Ramon Batlle","og_description":"Sobre mi eines\u200b formacions professi\u00f3","og_url":"https:\/\/ramonbatlle.com\/index.php\/sobremi\/","og_site_name":"Ramon Batlle","article_modified_time":"2023-07-09T00:36:26+00:00","og_image":[{"url":"https:\/\/ramonbatlle.com\/wp-content\/uploads\/2023\/07\/jo-300x300.png"}],"twitter_card":"summary_large_image","twitter_misc":{"Tiempo de lectura":"1 minuto"},"schema":{"@context":"https:\/\/schema.org","@graph":[{"@type":"WebPage","@id":"https:\/\/ramonbatlle.com\/index.php\/sobremi\/","url":"https:\/\/ramonbatlle.com\/index.php\/sobremi\/","name":"Sobre mi - Ramon Batlle","isPartOf":{"@id":"https:\/\/ramonbatlle.com\/#website"},"datePublished":"2020-05-12T03:43:04+00:00","dateModified":"2023-07-09T00:36:26+00:00","breadcrumb":{"@id":"https:\/\/ramonbatlle.com\/index.php\/sobremi\/#breadcrumb"},"inLanguage":"es","potentialAction":[{"@type":"ReadAction","target":["https:\/\/ramonbatlle.com\/index.php\/sobremi\/"]}]},{"@type":"BreadcrumbList","@id":"https:\/\/ramonbatlle.com\/index.php\/sobremi\/#breadcrumb","itemListElement":[{"@type":"ListItem","position":1,"name":"Portada","item":"https:\/\/ramonbatlle.com\/"},{"@type":"ListItem","position":2,"name":"Sobre mi"}]},{"@type":"WebSite","@id":"https:\/\/ramonbatlle.com\/#website","url":"https:\/\/ramonbatlle.com\/","name":"Ramon Batlle","description":"Educaci\u00f3 i tecnologia","potentialAction":[{"@type":"SearchAction","target":{"@type":"EntryPoint","urlTemplate":"https:\/\/ramonbatlle.com\/?s={search_term_string}"},"query-input":"required name=search_term_string"}],"inLanguage":"es"}]}},"uagb_featured_image_src":{"full":false,"thumbnail":false,"medium":false,"medium_large":false,"large":false,"1536x1536":false,"2048x2048":false,"ultp_layout_landscape_large":false,"ultp_layout_landscape":false,"ultp_layout_portrait":false,"ultp_layout_square":false},"uagb_author_info":{"display_name":"Ramon Batlle","author_link":"https:\/\/ramonbatlle.com\/index.php\/author\/admin9225\/"},"uagb_comment_info":0,"uagb_excerpt":"Sobre mi eines\u200b formacions professi\u00f3","_links":{"self":[{"href":"https:\/\/ramonbatlle.com\/index.php\/wp-json\/wp\/v2\/pages\/218","targetHints":{"allow":["GET"]}}],"collection":[{"href":"https:\/\/ramonbatlle.com\/index.php\/wp-json\/wp\/v2\/pages"}],"about":[{"href":"https:\/\/ramonbatlle.com\/index.php\/wp-json\/wp\/v2\/types\/page"}],"author":[{"embeddable":true,"href":"https:\/\/ramonbatlle.com\/index.php\/wp-json\/wp\/v2\/users\/1"}],"replies":[{"embeddable":true,"href":"https:\/\/ramonbatlle.com\/index.php\/wp-json\/wp\/v2\/comments?post=218"}],"version-history":[{"count":6,"href":"https:\/\/ramonbatlle.com\/index.php\/wp-json\/wp\/v2\/pages\/218\/revisions"}],"predecessor-version":[{"id":1830,"href":"https:\/\/ramonbatlle.com\/index.php\/wp-json\/wp\/v2\/pages\/218\/revisions\/1830"}],"wp:attachment":[{"href":"https:\/\/ramonbatlle.com\/index.php\/wp-json\/wp\/v2\/media?parent=218"}],"curies":[{"name":"wp","href":"https:\/\/api.w.org\/{rel}","templated":true}]}}